 the remainder when 99 is divided by t.
14
Let m(z) = -3*z - 3. Let b be m(-2). Suppose -2*k = b*k. Suppose 2*a = -2*a - r + 119, k = -2*a - r + 57. Calculate the remainder when a is divided by 8.
7
Suppose n = 3 - 5. Let q = 13 + -8. Calculate the remainder when (-676)/(-28) + -3 + n/14 is divided by q.
1
Let z(n) = -n**2 - n + 15. Let p be z(-4). Let w(l) = 2*l**3 - 7*l**2 - 2. Let a be w(p). What is the remainder when 1*38 + (-44)/a is divided by 15?
12
Suppose 5*a - 9 = -234. Let h = 0 - a. Calculate the remainder when h is divided by 12.
9
Let w(r) = r**3 + 9*r**2 + r - 1. Calculate the remainder when w(-6) is divided by (-6)/39 + (-340)/(-13).
23
Suppose 50 + 55 = 2*v + 3*u, 4*v - 2*u - 234 = 0. Suppose -6 = -6*l + 4*l. Suppose -l*d = -18 - 69. What is the remainder when v is divided by d?
28
Let b(o) = -2*o**2 + 14*o - 13. Let n be b(6). Let j = 15 - n. Let t = 14 + -8. What is the remainder when j is divided by t?
4
Let t = -846 + 905. Calculate the remainder when t is divided by 12.
11
Let i(j) = j**3 + 19*j**2 + 32*j. Calculate the remainder when i(-16) is divided by 68.
52
Let b(x) = 37 - 22 - x**2 + 20*x - 17. What is the remainder when b(7) is divided by 23?
20
Suppose 5*z - 190 = 4*z - n, 5*z + n = 946. Suppose t - z = -2*t. Calculate the remainder when t is divided by 16.
15
Let n = -30 + 22. Let m = n - -26. Suppose -5*f + 3*g = -35, g = -6 + 1. Calculate the remainder when m is divided by f.
2
Let l = -49 - -86. Let v(r) = 6*r**2 + 18*r - 21. What is the remainder when v(4) is divided by l?
36
Let j(a) = -11*a**2 + a + 14. Let o be j(-6). Let z be (-14)/35*(o - 2). Suppose -9*x = -12*x + z. Calculate the remainder when x is divided by 18.
16
Let i = 6 - -5. Suppose -41*h + 1118 = -15*h. Calculate the remainder when h is divided by i.
10
Suppose -c = -2*p - 22, -5*c - 6 = -5*p - 101. Suppose 4*z - 68 = c. Calculate the remainder when 38 is divided by z.
17
Let b(k) = -7*k + 10*k + 23 + k**2 - 3*k. What is the remainder when b(8) is divided by 30?
27
Let w(b) = -b**3 + 22*b**2 - 19*b + 75. Calculate the remainder when w(21) is divided by 20.
17
Let n = -11 + 11. Suppose n = -0*b - b + 4*c + 33, -2*c - 76 = -4*b. Calculate the remainder when b is divided by (-2)/4 + 88/16.
2
Suppose -45 = -5*y - 5*u, -4*y + 4*u - 40 + 100 = 0. Suppose 0*v = -4*v + 20. Let z(w) = w**2 + 3*w - 5. Calculate the remainder when z(v) is divided by y.
11
Calculate the remainder when 101 is divided by (-4047)/(-133) - (-2 - (-30)/21).
8
Let l be (-6)/(-27) + 3628/36. Suppose 9*q + l = 461. What is the remainder when 117 is divided by q?
37
Let r(m) = m**2 + 10*m + 28. Calculate the remainder when 302 is divided by r(-9).
17
Suppose -4*w - i = -192, 0*w - 5*w = i - 241. Calculate the remainder when w is divided by 10.
9
Suppose -63 - 42 = -15*q. Calculate the remainder when 150 is divided by q.
3
Let b be (-1 + 1)/((-4)/4). Suppose -3*z + 45 = -b*z. Let m = -13 + z. Calculate the remainder when 7 is divided by m.
1
Suppose 5*o - d - 173 = -3*d, -3*d = 3. Let u = o - -1. Calculate the remainder when 106 is divided by u.
34
Suppose 4*i - 2*v - 72 = 0, 3*v = -5*i - 2*v + 60. Calculate the remainder when i is divided by 7.
2
Suppose 4*x + h - 292 = 0, -5*x + 152 = 4*h - 224. Let f = -34 + x. What is the remainder when f is divided by 9?
2
Suppose 0 = 6*f + 7*f - 156. What is the remainder when 167 is divided by f?
11
Suppose -16*a + 4 = -28. Suppose 1 + 1 = -k, 0 = 4*m + a*k - 64. Calculate the remainder when 79 is divided by m.
11
Let j = 29 - -5. What is the remainder when 105 is divided by j?
3
Suppose -3*c = 4*c - 42. Suppose -2*g + 3 - 1 = 0. Let a = 12 - g. Calculate the remainder when a is divided by c.
5
Suppose 0 = 124*i - 2486 - 5450. Calculate the remainder when 103 is divided by i.
39
Let n = -67 + 73. Calculate the remainder when 127 is divided by n.
1
Suppose -4*a + 40 = 6*a. Suppose -3 = a*s - 79. Calculate the remainder when 37 is divided by s.
18
Suppose -19 = 3*v - 25. What is the remainder when 12 is divided by v?
0
Let o(t) = -t**2 - 2*t + 2. Let z be o(1). Let d be 3/z + 0 + -55. Let w = 97 + d. Calculate the remainder when w is divided by 7.
4
Let o(b) = 6*b + 15. Let x be o(9). Suppose 3*k + 0 = x. Calculate the remainder when k is divided by 6.
5
Suppose 0 = o + h + 74, 0*o + 4*o - h + 321 = 0. Let m = -59 - o. What is the remainder when 55 is divided by m?
15
Let i(x) be the first derivative of -2*x**2 - 2*x - 3. Let j = -78 - -83. Calculate the remainder when i(-6) is divided by j.
2
Suppose 4*l = 4*b - 176, 61 = 2*b + 3*l - 12. What is the remainder when b is divided by 13?
2
Let v = 37 + -14. Let d = 3 + v. What is the remainder when ((-13)/d)/(2/(-156)) is divided by 10?
9
Suppose 0*y - y - 2*h = -2, -3*y + 4*h = -26. Let j(w) = -w**3 + 5*w**2 + 6*w + 7. Calculate the remainder when j(y) is divided by 6.
1
Suppose 7 + 18 = 5*z - 3*r, 0 = -z - 3*r + 5. What is the remainder when 50/1 + z + -5 is divided by 20?
10
Let s(l) = -6*l**2 - 23*l + 13. Let m(q) = 11*q**2 + 46*q - 27. Let c(t) = -4*m(t) - 7*s(t). What is the remainder when c(-10) is divided by 17?
13
Let c = 14 + -3. Suppose -6*m + m - c = 4*k, 0 = 4*m - 3*k + 15. What is the remainder when 498/(-4)*2/m is divided by 21?
20
Suppose -k = -0*y - 2*y + 26, 4*y - 52 = -3*k. Calculate the remainder when 76 is divided by y.
11
Let k be (-100)/(6/(-3) - -3). What is the remainder when 32 is divided by (1 - (-78)/5) + (-40)/k?
15
Let y(t) = -t**2 + 21*t + 342. Suppose -3*k + 44 = k. What is the remainder when y(-10) is divided by k?
10
What is the remainder when 115 is divided by 160/15 - 2/(-6)?
5
Suppose -x = 3*b - 40, b + 2*x = -0*b + 10. Let s(k) = -6*k**3 - 4*k**2 - 9*k - 1. What is the remainder when s(-3) is divided by b?
12
Let y(f) = f**3 - 14*f**2 + 2*f - 19. Let p be y(14). What is the remainder when 43 is divided by (-6)/p + (-64)/(-6)?
3
Let q = -6 + 8. Suppose -25 = 7*s - q*s. Let w = 9 + s. What is the remainder when w is divided by 3?
1
Suppose -145 + 605 = 5*x. What is the remainder when x is divided by -235*(-8)/80 - 2/(-4)?
20
Let y = -319 - -448. What is the remainder when y is divided by 34?
27
Let v(f) = 2*f**2 - 7*f - 14. Let q be v(-6). Suppose 7*g = 19 + q. Calculate the remainder when -3 + 98/2 - -2 is divided by g.
14
Let c = 292 - 152. Calculate the remainder when c is divided by 71.
69
Let w be 298 + 4 + (2 - -2). Suppose -5*s + w = s. Calculate the remainder when s is divided by (-45)/2*(-16)/20.
15
Let p be (1 - -8) + (-2 - 1). Let y be 12/p - (2 - 53). Suppose -4*f = -3*k + 16, -2*f + y - 9 = 5*k. Calculate the remainder when 28 is divided by k.
4
Suppose -424 = 5*g - 39. Let l = 111 + g. Calculate the remainder when l is divided by (81/(-6))/(6/(-8)).
16
Suppose 0 = n - 34 - 51. What is the remainder when n is divided by 29?
27
Suppose 459 + 266 = 5*c. Calculate the remainder when c is divided by 19.
12
Suppose 5*a - 4 - 216 = 0. Suppose -p - 4 = p. What is the remainder when a is divided by p/(-5) - 86/(-10)?
8
Let n = -19 + 35. Suppose -2*x + 3*x - 63 = 0. Suppose -3*g + 246 = x. Calculate the remainder when g is divided by n.
13
Let v(o) = 4*o + 89. Calculate the remainder when 61 is divided by v(-20).
7
Let b be ((-245)/(-20))/((-2)/(-8)). Suppose -2*l = b + 67. Let f = -3 - l. What is the remainder when f is divided by 28?
27
Let a = -466 + 484. Calculate the remainder when 33 is divided by a.
15
Calculate the remainder when ((-14)/(-3))/((-206)/(-7107)) is divided by 30.
11
Suppose 5*w - 2*j = 745, -2*w - 13*j = -11*j - 298. Calculate the remainder when w is divided by 30.
29
Let l = -311 - -326. Suppose 4*h = 473 + 75. Suppose -h = -3*c + 2*n, 3*c - n = 3*n + 145. Calculate the remainder when c is divided by l.
13
Let g(v) = v + 1. Let b(l) = l**2 - l + 17. Let d(s) = b(s) - 6*g(s). Let y(k) = 3*k - 35. Let a be y(14). Calculate the remainder when 42 is divided by d(a).
9
Suppose -4*d + 0*v = -4*v - 488, -3*v = 3*d - 360. What is the remainder when d is divided by 34?
19
Suppose 2*g = -c + 3*g + 3, -6 = -2*c - 5*g. Suppose -c*n + 9 = -2*n. Suppose 0 = l - 5*l + 28. Calculate the remainder when n is divided by l.
2
Let t = -72 + 49. Calculate the remainder when (t/4)/(2/(-16)) is divided by 12.
10
Suppose -51*w + 1200 = -35*w. What is the